207579?
3
Calculate the highest common factor of 2120577 and 438.
219
What is the highest common factor of 2624 and 28372?
164
What is the highest common divisor of 36 and 149412?
12
Calculate the greatest common divisor of 10465 and 595.
35
Calculate the highest common divisor of 1677030 and 45.
15
What is the greatest common factor of 51705 and 351?
27
Calculate the greatest common divisor of 598 and 294515.
299
Calculate the greatest common factor of 215241 and 78.
39
What is the greatest common factor of 656667 and 18?
9
Calculate the greatest common divisor of 1771950 and 90.
30
Calculate the greatest common divisor of 1176 and 1584.
24
What is the greatest common divisor of 182 and 26152?
14
What is the highest common factor of 806 and 16678?
62
Calculate the highest common divisor of 480 and 195720.
120
What is the highest common factor of 963 and 92769?
321
What is the highest common divisor of 556047 and 558?
279
What is the greatest common divisor of 14 and 87689?
7
Calculate the greatest common divisor of 8836 and 1269.
47
Calculate the highest common factor of 1900 and 177270.
190
Calculate the highest common factor of 228158 and 14448.
602
What is the greatest common divisor of 6795802 and 13?
13
Calculate the greatest common divisor of 15 and 327165.
15
What is the highest common divisor of 448797 and 6?
3
Calculate the greatest common factor of 22 and 21692.
22
What is the highest common divisor of 1400 and 1142750?
350
What is the highest common factor of 395444 and 1624?
812
What is the highest common divisor of 17 and 1996888?
17
Calculate the highest common divisor of 25358 and 274030.
818
Calculate the highest common divisor of 38776 and 21460.
148
Calculate the highest common factor of 41170 and 690.
230
Calculate the highest common factor of 3380416 and 832.
832
What is the greatest common divisor of 42549 and 117?
39
Calculate the highest common factor of 7991974 and 94.
94
What is the greatest common divisor of 135180 and 36?
36
Calculate the greatest common divisor of 317581 and 187.
11
Calculate the highest common divisor of 20079 and 61983.
873
What is the greatest common factor of 196 and 12691?
49
Calculate the greatest common factor of 209909 and 5348.
1337
Calculate the greatest common factor of 77427 and 315.
63
What is the greatest common factor of 47 and 65236?
47
Calculate the greatest common divisor of 1351 and 45556.
7
Calculate the greatest common factor of 3675347 and 13.
13
Calculate the highest common divisor of 34547 and 179.
179
What is the highest common factor of 4738 and 7682?
46
What is the greatest common divisor of 48822 and 824?
206
What is the greatest common divisor of 31785 and 163?
163
What is the greatest common factor of 5243 and 1177?
107
Calculate the highest common divisor of 109682 and 519.
173
What is the highest common factor of 153567 and 113?
113
What is the greatest common factor of 1602911 and 43?
43
Calculate the highest common factor of 71 and 126096.
71
Calculate the greatest common divisor of 89851 and 19.
19
Calculate the highest common factor of 198 and 302.
2
What is the greatest common divisor of 10566 and 18?
18
Calculate the highest common factor of 247232 and 1024.
64
Calculate the highest common factor of 3901 and 54238.
47
What is the highest common factor of 90 and 25485?
15
Calculate the highest common divisor of 44 and 1082378.
22
Calculate the greatest common factor of 391 and 23897.
23
What is the highest common factor of 85162 and 20461?
553
Calculate the greatest common factor of 2750 and 91250.
250
What is the greatest common factor of 5497 and 4439?
23
What is the greatest common factor of 5118689 and 163?
163
Calculate the highest common divisor of 2090 and 1630.
10
Calculate the greatest common factor of 903 and 35301.
21
What is the highest common divisor of 120 and 1315?
5
Calculate the highest common factor of 58 and 79286.
58
What is the greatest common factor of 189 and 3582?
9
Calculate the highest common divisor of 745 and 486783.
149
Calculate the highest common factor of 8960 and 98.
14
What is the highest common divisor of 360 and 64980?
180
What is the highest common divisor of 664 and 29797?
83
Calculate the highest common divisor of 1595 and 4818.
11
Calculate the highest common factor of 44730 and 441.
63
Calculate the highest common divisor of 1271881 and 1135.
227
What is the greatest common factor of 820 and 64780?
820
Calculate the greatest common factor of 849177 and 54.
27
What is the highest common divisor of 58743 and 25803?
549
What is the greatest common divisor of 327666 and 1746?
582
What is the greatest common factor of 232240 and 2000?
80
Calculate the highest common divisor of 6775 and 1975.
25
Calculate the highest common divisor of 1773545 and 235.
235
Calculate the highest common factor of 63 and 109269.
9
Calculate the greatest common divisor of 1937 and 3427.
149
Calculate the highest common factor of 82834 and 55888.
998
Calculate the highest common factor of 60710 and 30.
10
What is the highest common divisor of 494280 and 720?
360
What is the highest common divisor of 88 and 12280?
8
Calculate the greatest common factor of 40 and 10216.
8
What is the highest common factor of 480 and 30735?
15
What is the greatest common divisor of 1458 and 403866?
1458
What is the highest common factor of 1280 and 11936?
32
Calculate the highest common divisor of 12872 and 72.
8
Calculate the highest common factor of 156 and 1704.
12
What is the greatest common divisor of 140 and 5860?
20
Calculate the greatest common factor of 180917 and 55.
11
What is the highest common factor of 18656 and 371?
53
Calculate the greatest common divisor of 208 and 3029.
13
What is the highest common divisor of 5188 and 102463?
1297
Calculate the greatest common factor of 2569 and 21.
7
What is the greatest common divisor of 558165 and 35?
5
Calculate the greatest common factor of 99808 and 256.
32
Calculate the highest common factor of 156 and 492.
12
Calculate the highest common divisor of 2184 and 6318.
78
What is the highest common factor of 11759854 and 46?
46
Calculate the greatest common factor of 65152 and 48.
16
Calculate the greatest common divisor of 296460 and 1380.
60
Calculate the highest common factor of 254 and 19939.
127
What is the highest common divisor of 63 and 110733?
21
What is the highest common divisor of 93 and 158100?
93
Calculate the greatest common divisor of 15120 and 2096.
16
Calculate the highest common divisor of 17136 and 1876.
28
What is the highest common factor of 133635 and 708?
177
Calculate the greatest common divisor of 846 and 324300.
282
Calculate the greatest common divisor of 1497 and 42415.
499
Calculate the greatest common factor of 1376 and 4768.
32
What is the highest common divisor of 297 and 35013?
33
Calculate the highest common divisor of 31329950 and 50.
50
Calculate the greatest common divisor of 546 and 6126.
6
What is the greatest common divisor of 2561 and 572?
13
What is the greatest common divisor of 1992 and 277137?
249
Calculate the greatest common factor of 3765 and 10905.
15
Calculate the greatest common divisor of 359 and 650508.
359
Calculate the greatest common divisor of 8564 and 100.
4
What is the highest common factor of 136773 and 167?
167
What is the highest common factor of 89 and 138751?
89
Calculate the highest common factor of 14 and 23674378.
14
Calculate the highest common factor of 19050 and 118050.
150
Calculate the greatest common divisor of 350 and 837350.
50
Calculate the greatest common divisor of 75392 and 320.
64
Calculate the greatest common divisor of 1341 and 21258.
9
What is the greatest common factor of 856 and 20651?
107
Calculate the highest common factor of 4599 and 129429.
657
What is the greatest common factor of 708 and 299760?
12
Calculate the highest common divisor of 904 and 472.
8
What is the greatest common divisor of 3470630 and 5?
5
Calculate the greatest common divisor of 102 and 7242.
102
What is the greatest common divisor of 1460162 and 2728?
682
What is the greatest common divisor of 2703 and 214650?
159
Calculate the greatest common divisor of 19491 and 2628.
219
Calculate the greatest common divisor of 678113 and 119.
17
What is the greate